 24 = -17. Calculate the remainder when i is divided by w.
9
Suppose 17*p = 15*p + 90. Calculate the remainder when p is divided by 8.
5
Suppose -7*w + w = -624. Calculate the remainder when w is divided by 15.
14
Let q(o) be the first derivative of o**4/4 + 3*o**3 + 3*o**2 - 9*o + 3. Calculate the remainder when 12 is divided by q(-8).
5
Let y = 108 - 94. What is the remainder when y is divided by 12?
2
Suppose -3*k - 4*r + 82 = 0, -r - 97 = -4*k - 13. Calculate the remainder when (-1 - -18)/(4/20) is divided by k.
19
Let v be (-179 + -1)*(-26)/(-4). Calculate the remainder when v/(-20)*(-2)/(-3) is divided by 21.
18
Suppose -7*t + 60 = -5*t. Calculate the remainder when t is divided by 12.
6
Let d = -6 + 69. Calculate the remainder when d is divided by 16.
15
Let z(m) = 4*m**2 + 3*m + 13. Let b(i) = -2*i**2 - 2*i - 7. Let w(j) = 5*b(j) + 3*z(j). What is the remainder when 55 is divided by w(3)?
17
Suppose -4*t - 2*r - 2*r = -4, 0 = 3*r + 3. Suppose 3 + 24 = s. Suppose s = f + t*f. Calculate the remainder when 17 is divided by f.
8
Let d = 62 + -17. Suppose 2*c + 2*c - 48 = 0. Calculate the remainder when d is divided by c.
9
Suppose 0 = -4*y - 2*x + 5*x + 60, -4*x = 0. Suppose 5*h - 51 - 83 = 3*r, -10 = -5*r. Calculate the remainder when h is divided by y.
13
Let j be (-5)/(-2) - (-12)/(-8). What is the remainder when 67 is divided by 1/(2/34)*j?
16
Let o = -7 + 9. What is the remainder when (2/o)/(7/266) is divided by 13?
12
Suppose -5*l + 2 + 8 = 0. Suppose 7*x - 4*x = 3*w - 81, 3*x = -3*w + 81. Calculate the remainder when 24 is divided by (-2)/4 + w/l.
11
Suppose -a + 16 = 3*a. Suppose -a*o - 2*f + 58 = 0, -o + 10 - 1 = -5*f. Calculate the remainder when o is divided by 4.
2
Let t(o) = 2*o + 3. What is the remainder when 49 is divided by t(11)?
24
Let v = 32 - 19. Calculate the remainder when 25 is divided by v.
12
Let z be (-6)/(-18) - 32/(-3). Let k = -3 + z. Suppose -b - 2*b = -69. What is the remainder when b is divided by k?
7
Calculate the remainder when 63 is divided by -2 - (1 - 38 - (-6 + 3)).
31
Let c(x) = 2*x + 18. Calculate the remainder when 197 is divided by c(2).
21
Let d = 31 + -11. Calculate the remainder when d is divided by 2.
0
Let f(s) = s + 26. Calculate the remainder when 3/(3/58) - -1 is divided by f(-6).
19
Suppose -5*i = -2*y + 75 - 24, 0 = y - 3*i - 26. Suppose 2*r + 0*r = 88. Calculate the remainder when r is divided by y.
21
Let n = 41 - 29. Calculate the remainder when 10 is divided by -2 - n/(2 + -4).
2
Suppose 5 = y - 2. What is the remainder when 19 + (0 + 0)/(-1) is divided by y?
5
Suppose -3*q = -7*q + 28. What is the remainder when q is divided by 5?
2
Let r = 1 - -1. Suppose -c - 2*l - l = -13, -c - r = -2*l. Calculate the remainder when 11 is divided by c.
3
Suppose 0 = -2*d + 3*d - 8. Suppose -i + 23 = -2*a + 67, -2*a + 2*i + 42 = 0. Calculate the remainder when a is divided by d.
7
What is the remainder when 178 is divided by (100/15)/(0 + 6/27)?
28
Let d = 1 - -2. Suppose 5*k + 10 = 0, -d*w - 5*k = 2*w - 35. Suppose 0 = 5*x - w - 6. What is the remainder when x is divided by 2?
1
Let f = 176 - 107. What is the remainder when f is divided by 22?
3
Let r be 0*(-1 - -2 - 2). Let s = r + 10. Suppose -3*j = -2*j - s. What is the remainder when j is divided by 4?
2
Let f(s) = -3*s - 2. Let m be f(-2). Suppose -3*a + m + 26 = 0. Calculate the remainder when a is divided by 4.
2
Suppose -3*g - 5*r + 2*r = -39, -g + 5*r = -13. Suppose -250 = g*k - 18*k. What is the remainder when k is divided by 13?
11
Let w(f) = 3*f**2 - f - 3. Let s(u) = -13*u**2 + 3*u + 11. Let p(c) = 2*s(c) + 9*w(c). Calculate the remainder when 49 is divided by p(-3).
10
Let p(w) = 13*w**2 + 6*w. Suppose 4*l + 0*l - 88 = 0. Calculate the remainder when p(2) is divided by l.
20
Let s = -135 - -136. Let m = 0 + 1. Suppose 5*i - 4 = m. What is the remainder when s is divided by i?
0
Suppose 154 = 8*s - 6*s. What is the remainder when s is divided by 16?
13
Suppose -5*u - 8 + 88 = 0. Let r = -2 + u. Calculate the remainder when 27 is divided by r.
13
Suppose 0 = -p + 13 + 15. What is the remainder when p is divided by 16?
12
Let f(m) = m - 1. Let w be f(-5). Let r(a) = -a**3 - 6*a**2 + 1. Let c be r(w). Suppose -c = -3*i + 47. Calculate the remainder when i is divided by 6.
4
Let i(j) = -14*j - 34. What is the remainder when i(-12) is divided by 34?
32
Let o = -5 - -1. Let h = 6 + o. Suppose 3*f = 11 + 10. Calculate the remainder when f is divided by h.
1
Let n(r) = 2*r - 6. Let p be n(4). Suppose 3*a - p = 4. What is the remainder when a is divided by 1?
0
Suppose -2*z = -z - 86. Suppose -v - 4*v - 15 = 0. What is the remainder when 29 is divided by z/6 - 2/v?
14
Let v(p) = -p**3 - 6*p**2 - 5*p - 1. Let k be v(-4). Let u = -8 - k. Suppose -u*f + 34 = -41. What is the remainder when 58 is divided by f?
13
Let f(l) = l**2 + 2*l + 4. What is the remainder when 13 is divided by f(-3)?
6
Suppose 0 = 5*o + 5*h - 15, -3*h + 17 = 6*o - 2*o. What is the remainder when 53 is divided by o?
5
Let p(g) = 2*g**2 + 3*g. What is the remainder when 53 is divided by p(3)?
26
Suppose 2*d = 7*d + 5. Calculate the remainder when (-4 - -2) + (d - -16) is divided by 7.
6
Suppose 2*b + 3 = -1. Let l be 3/6*4 + b. Suppose l = -p + 6*p + 5*w - 35, 4*p - w - 3 = 0. Calculate the remainder when 5 is divided by p.
1
Let r(n) = 2*n + 2. Let m be r(4). Suppose 0 = 5*y + m. Calculate the remainder when (y/3)/((-2)/33) is divided by 6.
5
Suppose 164 = 5*n - 31. Let v(o) = 2*o + 4. What is the remainder when n is divided by v(5)?
11
Suppose 0 = -3*t - 0*t + 57. Suppose -9 = -2*c - 21. Let r = c + 16. Calculate the remainder when t is divided by r.
9
Suppose u + k = -0*u + 81, 4*u - 4*k = 300. Calculate the remainder when u is divided by 16.
14
Suppose -23 - 13 = -2*h. Let x = 41 + -36. Calculate the remainder when h is divided by x.
3
Let n = -54 - -78. Suppose 2*x = 7*x - 4*o - n, -4*o + 16 = 0. Calculate the remainder when 21 is divided by x.
5
Let o(k) = -k**2 + 6*k + 1. Let j be o(6). Suppose -y - 4 + j = 0, u + 2*y = -1. What is the remainder when 9 is divided by u?
4
Suppose 6*c - 69 = c + 2*p, -p + 24 = 2*c. Let k = -7 + 11. Suppose -3 - 3 = 2*n, 0 = -k*t - 5*n + 77. What is the remainder when t is divided by c?
10
Suppose 3*o = 4 + 2, 5*u + 4*o = 13. Suppose -2*h + 3*p = 24, h - 2*p + 32 = -3*h. Let n = h + 7. What is the remainder when n is divided by u?
0
Suppose 11 = -2*h + 19. Suppose 12 = -h*j + 212. Calculate the remainder when j is divided by 26.
24
Let a be (0 - 0)/(-2) + 84. Let f = -46 + a. Let c(u) = u**3 - 3*u**2 - 5*u - 5. Calculate the remainder when f is divided by c(5).
18
Let s(y) = 17*y**3 - y**2 - 2*y + 2. What is the remainder when s(1) is divided by 9?
7
Let a = 2 - -2. Suppose a*c + 159 = -1. What is the remainder when 10 is divided by (10 + 0)*(-16)/c?
2
Let z(n) = -n**3 - 3*n**2 + 2*n + 3. Let g be 48/30*10/(-4). What is the remainder when 19 is divided by z(g)?
8
What is the remainder when 19 is divided by 0 + 4 - (1 - 4)?
5
Let z = -34 - -73. What is the remainder when z is divided by 20?
19
Let d = 4 + 3. Let v(f) = -f**3 + 4*f**2 - 2*f + 1. What is the remainder when d is divided by v(3)?
3
Let d be 3 - ((5 - 2) + -3). Suppose 2*c + d*c = 15. What is the remainder when c is divided by 2?
1
Suppose 5*y - 56 = -4*a, -4*a - 4*y + 50 = -10. What is the remainder when 35 is divided by a?
16
Let n = 0 + 2. What is the remainder when 46 is divided by (10 - 0 - 2)*n?
14
What is the remainder when 156/(-16)*-4 + -1 is divided by 11?
5
Let k(m) = -m**2 - 16*m - 9. Let s be k(-8). Suppose 2*u - 21 = s. What is the remainder when u is divided by 10?
8
Suppose -5*y = -1270 + 195. Suppose -5*l - 3*c + y = 0, -2*c = 5*l - 4*c - 240. Suppose 0*w + 3*w = 48. What is the remainder when l is divided by w?
14
Suppose y = d + 4*d + 18, -3*y - d + 38 = 0. Calculate the remainder when 25 is divided by y.
12
Let g(q) = 8*q - 13. What is the remainder when g(10) is divided by 17?
16
Let s be (-1 - 0)*(3 + -2). What is the remainder when 39 is divided by 1*s/((-1)/14)?
11
Calculate the remainder when 14/8*-26*420/(-245) is divided by 27.
24
Suppose 6*m - m = -4*l + 36, 5*m - 24 = -l. Let v(u) = -3*u - 7. Suppose 4*g - 12 = -36. What is the remainder when v